**2 + 66*b + 109. Is l(49) a prime number?
True
Suppose 5*q + 0*q + 2 = 2*w, 2*w - 2 = -5*q. Let a be (-5)/((-5)/4) - (3 - 1). Suppose -a*j + 30 + 88 = q. Is j composite?
False
Suppose 5*g - 7695 = 940. Is g composite?
True
Suppose 0 = -5*y - 3*l + 351446, 4*y - 87900 = 4*l + 193276. Is y a composite number?
True
Suppose -5*j = 5*w - 87630, 66*j - 68*j + 17531 = w. Is w composite?
True
Suppose -3*u - 45 = -51. Suppose -u = m - 81. Is m composite?
False
Suppose -2*h = -2*c - 5490, 10 = -3*c - 2. Is h a prime number?
True
Suppose 4*h + 4*n + 28 = 0, -22 = h + 2*h + 2*n. Let c be (54/h)/(14/(-504)). Suppose 6*k - k = -4*l + 315, 5*l - c = -4*k. Is k a composite number?
False
Let k be ((12 + 0)*-29)/1. Let r = 514 + k. Is r composite?
True
Let z be 2/7 + 17460/42. Suppose 4*i = 2*p + z, -5*i + 520 + 2 = -2*p. Is i a composite number?
True
Suppose n = -5*b + 8664, -4*n = 3*b + 2*b - 8661. Is b a prime number?
True
Let u = -195 + -16. Let g = 658 - u. Is g composite?
True
Suppose 9*u = 992 + 4282. Is u composite?
True
Let w(q) = -q**3 + 3*q**2. Let h be w(2). Suppose 3 = h*y - 13. Is ((-14)/y)/(4/(-184)) a prime number?
False
Let f = 36 + -33. Suppose 5*w - 287 = -3*i + i, -f*i = 12. Is w a composite number?
False
Suppose -3*z + m - 144 = 55, 5*m = -2*z - 127. Let f be z/(-21) - 2/14. Suppose 5*q - 1058 = -y, q = -q - f*y + 431. Is q a composite number?
False
Let t(x) = -13*x + 23. Let k be t(2). Is ((-921)/4)/(1/8*k) a composite number?
True
Let j = -301 + 293. Let m(o) = -7*o**2 - 8*o + 13. Let i(a) = -a**2 - a - 1. Let x(s) = -2*i(s) - m(s). Is x(j) a composite number?
True
Suppose -4*q - 15 = -q, -4*x + 3*q = -27. Suppose -x*m + 14 = 8. Suppose -2*u = 2*w - 328, 4*u - 360 = m*w + 290. Is u a composite number?
False
Let x = -3 + -3. Let l be 4/x - (-42)/9. Is (-8762)/(-18) - l/(-18) a composite number?
False
Suppose 4*h - 27*c + 31*c - 102736 = 0, -3*h + 3*c + 77022 = 0. Is h composite?
False
Let x = 116338 + -63507. Is x prime?
False
Let d(g) be the second derivative of -55*g**3/2 + g**2/2 - 24*g. Is d(-6) composite?
False
Let l(g) = -1784*g + 1087. Is l(-15) prime?
True
Suppose 0 = 5*n - 17 - 18. Is (0 - -1)*n*1 prime?
True
Let y = 10517 + -3124. Is y composite?
False
Suppose -6*b - 266 = -1412. Is b prime?
True
Suppose -3*z + 126 = 3*j, -3*z - 6*j + 130 = -j. Suppose 2*n = -2*n - z. Is (-2)/n + (-529)/(-5) a prime number?
False
Suppose 2*w - 2 = -w - 2*l, -w - 5*l - 21 = 0. Suppose -w*j - 3 = -11. Is ((-4)/(-1))/j - -47 prime?
False
Let n be 4/(8/(-14250)) + 0. Let v be (10 - 11) + 1 + -4. Is v/14 - n/21 a prime number?
False
Suppose -400 = 5*k - 10*k. Let j = 63 + -106. Let h = j + k. Is h a composite number?
False
Let v(m) = 30*m + 10. Let r be v(8). Suppose 0 = -2*k + 120 + r. Is k prime?
False
Let q(i) be the second derivative of -6*i + 3/2*i**2 - 11/20*i**5 + 0 + 5/6*i**3 + 7/12*i**4. Is q(-4) prime?
False
Let f(l) = -l - 5. Let d be f(4). Let j be (d/(-18))/((-2)/(-24)). Let g(r) = 2*r**2 - 4*r - 11. Is g(j) composite?
False
Suppose 0 = 4*y, 0 = -4*m + 2*m + 2*y + 976. Suppose 17*p = 18*p - m. Let r = p + 399. Is r a composite number?
False
Suppose 0 = -22*v + 589380 - 212278. Is v composite?
True
Suppose 5*g + 5*h + 115 = 0, 3*g + 63 + 16 = -5*h. Let f(j) = 5*j**2 + 3*j - 23. Is f(g) a prime number?
True
Let z(g) = 138*g + 557. Is z(17) a prime number?
True
Let t be ((-3)/(-2))/(30/(-80)). Is -5 + (-4 - t) + 1191 a prime number?
False
Let o be (416/(-65))/(1/(-730)*1). Suppose -11267 + o = -5*q. Is q prime?
True
Let f(c) = -294*c**3 + 2*c**2 + c + 3. Is f(-2) prime?
False
Let b be -4*1/(-16)*12. Suppose -b*f = -f + 4*h - 318, 0 = 3*f - 2*h - 437. Is f prime?
True
Let y be (-3 - 35/(-11)) + 28836/33. Suppose x - y = 1227. Is x prime?
False
Let h(r) be the third derivative of 139*r**4/24 - 5*r**3/2 - 2*r**2. Is h(4) a prime number?
True
Let f(c) = -c**3 - 3*c**2 - 6*c - 6. Let w be f(-3). Suppose -5*n - 20 = i, -5*n - w = 5*i - 2*n. Suppose i = -5*y + 241 + 289. Is y composite?
True
Let a = 224 + -134. Is 36/a + (1603/5 - 2) a prime number?
False
Let f(s) = -735*s**3 + 4*s + 7. Is f(-2) prime?
True
Let y(h) = 6468*h**2 - 10*h - 11. Is y(-1) composite?
True
Let v(y) = -81*y**3 - 9*y + 5. Is v(-3) a prime number?
False
Suppose -2*r - 2*r = 12. Let b be 8*(-1 - r/2). Suppose -w + 1525 = b*u, -u + 4*u + 5*w = 1148. Is u a prime number?
False
Suppose 8*l - 5*l = 3*h, h - 18 = -5*l. Suppose -961 - 4909 = -4*y - 2*x, -l*x - 1478 = -y. Is y composite?
True
Suppose 2*j + 4*m = 32282, 2*j = -3*m + 14219 + 18066. Is j prime?
False
Let v(t) = 709*t - 49. Is v(8) prime?
True
Suppose 0 = 25*m - 22*m + 42. Let y = 28 + m. Is y a composite number?
True
Let d(u) = -2*u**2 + 37*u + 41. Let q(f) = f**2 - 19*f - 21. Let y(v) = 3*d(v) + 5*q(v). Is y(15) composite?
True
Let n(g) = -g**2 - 3*g + 2. Let a be n(2). Let w(u) = 2*u + 3. Let s(m) = m**2 - 3*m - 6. Let f(t) = 6*s(t) + 13*w(t). Is f(a) a prime number?
False
Suppose -4*j + 28 = 4*b, -2*b + 5 = -3. Suppose -d - j*w = -2567, -2*d - w = d - 7701. Is d a composite number?
True
Let s(x) = 3*x**2 - 3*x - 50. Let a be s(9). Is ((-12)/(-24))/((-165)/a - -1) a composite number?
False
Suppose l + 2*k = 1465, 5*l - 3*k - 8741 = -1377. Is l composite?
False
Let r = -50 + 54. Is 382*50/r*5/25 a prime number?
False
Is 1143135/81 + 2/9 composite?
True
Let r = 19 - -6. Suppose -3*o - 2*o + r = 0. Is 547/o + (-18)/45 a composite number?
False
Let x(h) = 173*h**2 + 3*h - 25. Is x(-6) a prime number?
False
Let g(o) = 41*o**2 - 50*o + 292. Is g(9) prime?
True
Let d be (0/(-3))/1 - 16. Let v(g) = -g**3 - 11*g**2 + 14. Is v(d) prime?
False
Suppose 113136 = 4*g + 5*j, -4*g = -4*j - 169997 + 56825. Is g prime?
True
Let c(q) = -q. Let t be c(-3). Suppose 0 = -2*g + 2*o + o - 4, 3*g + t*o = 9. Is g + -87*(-4)/6 a composite number?
False
Suppose -3*r - 1616 = -5*s + 1215, r + 2262 = 4*s. Is s a composite number?
True
Suppose 10319 + 2197 = 4*k - 2*j, -8 = 2*j. Is k composite?
True
Is (3 - 4)/(1 + (-8814)/8812) a prime number?
False
Let r(i) = -1106*i + 149. Is r(-4) composite?
True
Suppose 4*b = 2*b - 4. Let p be (20/(-8) - b)*-8. Is 495/36 - (-1)/p a prime number?
False
Let u = 61 - 53. Is 372/24*u/2 a prime number?
False
Let z(i) = 21*i**2 + 13*i - 209. Is z(25) a composite number?
False
Let x be (-62391)/(-6) - (-1)/(-2). Suppose -x = 8*o - 14*o. Is o a composite number?
False
Suppose -2*h = -4*k - 137266, 185*k - 137266 = -2*h + 182*k. Is h a composite number?
False
Suppose 4*x = a - 1915 + 174, 3*a - 2*x = 5203. Is a a prime number?
True
Suppose -3 = y - 2*y. Suppose -y*a + j = -23, 0 = a - 0*j + 5*j - 29. Let o = 224 + a. Is o a prime number?
True
Let a be 30 + -17 + 1*-3. Suppose -a*v - 663 = -13*v. Is v a composite number?
True
Let o(v) = -v - 5. Let p be o(-4). Let d be p + 0/(-4 + 3). Is 129/3 + 1 + d a prime number?
True
Suppose 25 = -8*n + 65. Suppose 2*p + 5*d = 3894, 3*p = n*d + 364 + 5427. Is p composite?
True
Suppose -16*y + 17*y - 3*r = 964, -5*r = -2*y + 1933. Is y composite?
True
Let o be (3 - 0) + 14 + -1. Suppose q = 85 - o. Is q a composite number?
True
Let t(x) = 7*x**2 - 3*x + 7. Is t(-8) a composite number?
False
Suppose -8*o = 16573 - 66389. Is o a prime number?
False
Let p(l) = -696*l - 247. Is p(-21) a composite number?
False
Suppose 11*c = -25*c + 138492. Is c composite?
False
Let a(j) = 70*j**2 + 26*j + 17. Is a(-16) prime?
False
Let j(q) = -q**2 + 0*q**2 + 191 + 7*q**2 - 5*q**2. Is j(0) composite?
False
Let j be 79/1*1 + (-32)/(-8). Suppose 0 = d - 3*d - 3*r + j, -5*d - 2*r = -235. Is d composite?
True
Suppose -2*y = 2*t - 18, 2*t - 2*y - 21 = -3*y. Suppose 0 = 2*z - t*z + 3950. Is z a prime number?
False
Let p(g) = 105*g**2 - 2*g + 3. Let x be (7 + -1)*4/12. Is p(x) a composite number?
False
Is -13798*(-7 - 39/(-6)) composite?
False
Let c(l) = -l. Let g(p) = 78*p**2 - 7*p + 3. Let n = -17 + 14. Let q(f) = n*c(f) + g(f). Is q(2) prime?
True
Let p(f) be the third derivative of -f**4/8 - 17*f**3/6 - 4*f**2. Let w be p(-7). Suppose 249 = w*i - i. Is i a composite number?
False
Suppose s + 4 = -5*k - 19, 2*s - k = 9. Is 253/2 - (-1)/s composite?
False
Let x = 76402 - 44351. Is x prime?
True
Let p(j) = 8*j**3 + 3*j**2 - 5*j - 2. Let l be p(5). Let n = l - 559. Is n composite?
True
Let p(z) = -9*z**